t are the prime factors of 2521737?
3, 19, 14747
What are the prime factors of 404746?
2, 157, 1289
What are the prime factors of 264170?
2, 5, 26417
List the prime factors of 1634422.
2, 817211
What are the prime factors of 63600?
2, 3, 5, 53
List the prime factors of 19152476.
2, 7, 684017
What are the prime factors of 2537781?
3, 845927
What are the prime factors of 4559363?
499, 9137
List the prime factors of 805999.
19, 59, 719
What are the prime factors of 30492624?
2, 3, 635263
What are the prime factors of 2833170?
2, 3, 5, 94439
What are the prime factors of 13379585?
5, 29, 53, 1741
What are the prime factors of 12869803?
967, 13309
What are the prime factors of 226517?
31, 7307
What are the prime factors of 2136578?
2, 349, 3061
What are the prime factors of 447062?
2, 7, 11, 2903
List the prime factors of 1793030.
2, 5, 19, 9437
List the prime factors of 251832.
2, 3, 7, 1499
List the prime factors of 2124970.
2, 5, 23, 9239
List the prime factors of 81737.
81737
List the prime factors of 2085062.
2, 7, 148933
List the prime factors of 4787720.
2, 5, 7, 17099
List the prime factors of 7691139.
3, 284857
List the prime factors of 257325.
3, 5, 47, 73
List the prime factors of 19884642.
2, 3, 83, 39929
List the prime factors of 191821.
7, 67, 409
List the prime factors of 14498868.
2, 3, 1208239
What are the prime factors of 243302?
2, 239, 509
List the prime factors of 4322275.
5, 23, 7517
What are the prime factors of 27235417?
11, 19, 151, 863
What are the prime factors of 32433993?
3, 41, 83, 353
List the prime factors of 4576790.
2, 5, 457679
What are the prime factors of 3013251?
3, 313, 3209
What are the prime factors of 694827?
3, 7, 41, 269
What are the prime factors of 277391?
241, 1151
List the prime factors of 840135.
3, 5, 56009
What are the prime factors of 9546285?
3, 5, 7, 90917
What are the prime factors of 2458709?
11, 83, 2693
List the prime factors of 1294904.
2, 13, 12451
What are the prime factors of 110867?
29, 3823
List the prime factors of 3741150.
2, 3, 5, 7, 509
What are the prime factors of 5362902?
2, 3, 19, 5227
List the prime factors of 2050517.
7, 53, 5527
List the prime factors of 42156.
2, 3, 1171
List the prime factors of 4003417.
11, 363947
List the prime factors of 2314619.
2314619
What are the prime factors of 1624401?
3, 17, 3539
What are the prime factors of 490487?
73, 6719
What are the prime factors of 541224?
2, 3, 7517
What are the prime factors of 620188?
2, 155047
What are the prime factors of 849718?
2, 19, 59, 379
List the prime factors of 495543.
3, 165181
What are the prime factors of 223971?
3, 11, 617
What are the prime factors of 293530?
2, 5, 149, 197
List the prime factors of 56459.
13, 43, 101
List the prime factors of 2632817.
11, 239347
What are the prime factors of 1781693?
1781693
What are the prime factors of 372578?
2, 311, 599
List the prime factors of 205747.
31, 6637
List the prime factors of 399678.
2, 3, 29, 2297
What are the prime factors of 2333321?
2333321
List the prime factors of 346457.
67, 5171
List the prime factors of 1275996.
2, 3, 113, 941
What are the prime factors of 65939?
233, 283
List the prime factors of 216990.
2, 3, 5, 2411
What are the prime factors of 230939?
230939
List the prime factors of 489676.
2, 11, 31, 359
What are the prime factors of 3552333?
3, 37, 32003
What are the prime factors of 30011863?
7, 79, 7753
List the prime factors of 383469.
3, 17, 73, 103
List the prime factors of 8009363.
17, 471139
What are the prime factors of 533664?
2, 3, 17, 109
List the prime factors of 16296825.
3, 5, 197, 1103
List the prime factors of 23430707.
269, 87103
List the prime factors of 542347.
13, 41719
List the prime factors of 1791209.
7, 255887
What are the prime factors of 553022?
2, 113, 2447
List the prime factors of 463243.
11, 23, 1831
What are the prime factors of 119588?
2, 7, 4271
What are the prime factors of 791439?
3, 11, 29, 827
List the prime factors of 1418747.
11, 101, 1277
What are the prime factors of 2876126?
2, 11, 239, 547
What are the prime factors of 10868978?
2, 79, 68791
What are the prime factors of 512755?
5, 102551
What are the prime factors of 124891?
13, 739
What are the prime factors of 105051?
3, 19, 97
What are the prime factors of 540859?
11, 49169
What are the prime factors of 17251641?
3, 11, 174259
What are the prime factors of 616611?
3, 205537
List the prime factors of 1082352.
2, 3, 22549
List the prime factors of 801276.
2, 3, 7, 9539
List the prime factors of 76552.
2, 7, 1367
What are the prime factors of 3759279?
3, 1253093
What are the prime factors of 640939?
13, 47, 1049
What are the prime factors of 14432159?
7, 359, 5743
What are the prime factors of 13408?
2, 419
What are the prime factors of 2139190?
2, 5, 213919
What are the prime factors of 1676505?
3, 5, 111767
What are the prime factors of 20382613?
20382613
What are the prime factors of 23945215?
5, 7, 127, 5387
What are the prime factors of 990743?
13, 17, 4483
What are the prime factors of 1065992?
2, 227, 587
What are the prime factors of 1209969?
3, 233, 577
What are the prime factors of 255099?
3, 13, 31, 211
List the prime factors of 9444297.
3, 3148099
List the prime factors of 3574169.
3574169
What are the prime factors of 7615332?
2, 3, 199, 1063
List the prime factors of 1610878.
2, 47, 17137
What are the prime factors of 4242?
2, 3, 7, 101
List the prime factors of 6898951.
223, 30937
List the prime factors of 1469894.
2, 29, 25343
List the prime factors of 1917545.
5, 7, 54787
List the prime factors of 10525972.
2, 2631493
List the prime factors of 1614022.
2, 807011
List the prime factors of 11611031.
631, 18401
What are the prime factors of 196385?
5, 7, 31, 181
What are the prime factors of 10981603?
23, 477461
What are the prime factors of 1785483?
3, 7, 47, 67
List the prime factors of 270643.
241, 1123
List the prime factors of 1611487.
71, 22697
List the prime factors of 1412289.
3, 19, 2753
List the prime factors of 260771.
7, 37253
List the prime factors of 62785.
5, 29, 433
List the prime factors of 87998.
2, 23, 1913
What are the prime factors of 291095?
5, 7, 8317
What are the prime factors of 498?
2, 3, 83
What are the prime factors of 186625?
5, 1493
List the prime factors of 2320473.
3, 773491
List the prime factors of 6451649.
6451649
What are the prime factors of 871032?
2, 3, 36293
What are the prime factors of 239202?
2, 3, 97, 137
What are the prime factors of 34167?
3, 7, 1627
What are the prime factors of 2522173?
487, 5179
List the prime factors of 14058.
2, 3, 11, 71
List the prime factors of 166994.
2, 83497
What are the prime factors of 65499?
3, 7, 3119
List the prime factors of 543750.
2, 3, 5, 29
What are the prime factors of 2143328?
2, 11, 6089
List the prime factors of 161909.
11, 41, 359
List the prime factors of 237334.
2, 53, 2239
What are the prime factors of 2315254?
2, 1157627
List the prime factors of 5703779.
47, 121357
What are the prime factors of 8401699?
8401699
What are the prime factors of 14716842?
2, 3, 7, 59, 5939
What are the prime factors of 549149?
549149
List the prime factors of 197412.
2, 3, 16451
List the prime factors of 193935.
3, 5, 7, 1847
What are the prime factors of 3075146?
2, 23, 66851
List the prime factors of 19337728.
2, 179, 211
What are the prime factors of 2984377?
11, 53, 5119
List the prime factors of 444013.
31, 14323
List the prime factors of 231401.
19, 641
List the prime factors of 1031446.
2, 13, 39671
What are the prime factors of 22821?
3, 7607
List the prime factors of 149542.
2, 74771
List the prime factors of 756.
2, 3, 7
List the prime factors of 117054.
2, 3, 7, 929
What are the prime factors of 33036697?
191, 269, 643
List the prime factors of 219368.
2, 17, 1613
What are the prime factors of 766743?
3, 131, 1951
List the prime factors of 796276.
2, 13, 15313
What are the prime factors of 545913?
3, 20219
List the prime factors of 3087362.
2, 773, 1997
List the prime factors of 22121118.
2, 3, 1228951
List the prime factors of 387204.
2, 3, 41, 787
List the prime factors of 154931.
7, 22133
List the prime factors of 696546.
2, 3, 12899
List the prime factors of 14714641.
23, 37, 17291
What are the prime factors of 1095672?
2, 3, 71, 643
List 